-4*n + 3. Let d be m(-3). Let s = d - 1. What is the remainder when j is divided by s?
12
Suppose 10*w = 2*w + 824. Calculate the remainder when w is divided by 9.
4
Suppose -2*l + 5*s = -7*l + 285, -5*s = 10. Let h = -188 + 219. Calculate the remainder when l is divided by h.
28
What is the remainder when 258 is divided by 21/14 + (-1032)/(-16)?
60
Suppose 0*w = 4*w + 2*t - 162, 0 = 5*w - t - 185. Let z = -207 + 308. Suppose 5*p + 1 = z. Calculate the remainder when w is divided by p.
18
Suppose -11 = 3*d - 35. Let r = 2736 - 2691. Calculate the remainder when r is divided by d.
5
Let d = -102 + 161. Calculate the remainder when d is divided by 10.
9
Suppose 2*s - 4*s - 8 = 0. Let q(h) = -3*h - 13. Let g(a) = -4*a - 19. Let p(l) = -5*g(l) + 7*q(l). Calculate the remainder when 21 is divided by p(s).
5
Let x = 2091 + -2001. Calculate the remainder when x is divided by 20.
10
Suppose 23 = 3*r - 121. What is the remainder when 279 is divided by r?
39
Let m = 27 + -39. Calculate the remainder when m/(-3) - (-89 + -2) is divided by 14.
11
Let l be 3/1 - (-4 - 8). Suppose -2*q + 6 = v - 29, v - l = -q. Calculate the remainder when q is divided by 7.
6
Let v(x) = 3*x**2 + 6*x + 10. Let l(o) = 4*o**2 + 6*o + 11. Let p(a) = -2*l(a) + 3*v(a). What is the remainder when p(-7) is divided by 10?
5
Let f(h) = -3*h + 2. Let s be f(-1). Suppose 0 = -o + s - 1. Suppose -3*b + 18 + 6 = -3*l, 0 = 5*b - o*l - 45. Calculate the remainder when 62 is divided by b.
10
Let y(i) = 4*i**2 + i**2 + 8*i + 45 + 5*i - 4*i**2. Calculate the remainder when 89 is divided by y(-11).
20
Let y be (-6)/27 - ((-580)/36)/5. Suppose 2*g = -j + 106, 212 = -y*g + 7*g - j. What is the remainder when g is divided by 28?
25
Suppose 0 = 3*k + 12, 13 = 2*y + 4*k - 1. What is the remainder when -3 - -46*(-4 - -5) is divided by (-15)/(-1)*y/25?
7
Let w(o) = 42*o**2. Suppose 4048*j = 4037*j + 242. What is the remainder when w(1) is divided by j?
20
Let a(b) = -3*b + 14 - b**2 + 3*b - b. What is the remainder when 50 is divided by a(0)?
8
Let q(n) = -n**3 - 21*n**2 + 2*n + 47. Let v be q(-21). Suppose v*g = 12 + 168. What is the remainder when 71 is divided by g?
35
Let j = -52 - -54. Suppose -5*s = -5*k + 155, -j*k - s + 25 = -k. What is the remainder when k is divided by 8?
4
Let h(r) = 4*r**2 - 2. Suppose -4*q + 0*p + 2*p + 12 = 0, 4*q - 4 = -2*p. Suppose 2*z - 24 = -z. What is the remainder when h(q) is divided by z?
6
Suppose 2*g = 2*t - 7 - 89, -2*t + 5*g = -87. What is the remainder when t is divided by 40?
11
Suppose 3*n - 2*g - 9 + 0 = 0, -3*g = -3*n + 9. Let a = 15 - n. Calculate the remainder when 58 is divided by a.
10
Suppose -4*g + 0*g + 348 = 0. Suppose g = -4*z + z. Let y = -21 - z. Calculate the remainder when 12 is divided by y.
4
Suppose 0*m = 2*m - 306. Calculate the remainder when m is divided by 31.
29
Let l = 758 + -594. What is the remainder when l is divided by 18?
2
Suppose -4*g + 20 = 2*w - 10, 0 = -5*w + 3*g + 36. Let k(t) = t**3 - 5*t**2 - 3*t + 7. Let b be k(5). What is the remainder when w is divided by 16/6*(-12)/b?
1
Let l(z) = 31*z**2 + 3*z + 4. Let h(y) = -y + 5. Let q be h(6). Calculate the remainder when l(q) is divided by 9.
5
Let g be 2/(-4) - (-54)/12. Let h be (55 - -2)/(-4 + 55/10). Suppose -5*a - 20 = -a, 0 = 2*o - g*a - h. Calculate the remainder when 16 is divided by o.
7
What is the remainder when (-115*1)/(-7 - 60/(-10)) is divided by 34?
13
Let o(m) = 41*m + 1. Let r(i) = -261*i - 1810. Calculate the remainder when o(2) is divided by r(-7).
15
Suppose 12*l + 49*l - 2989 = 0. Calculate the remainder when 233 is divided by l.
37
Suppose j - s - 2 = 0, -3*j + 1 = -s - 11. Let r(u) = 2 + u + j*u - 2*u + 3*u. What is the remainder when 63 is divided by r(2)?
15
Let u = 32 + -24. Let l = u + 23. What is the remainder when l is divided by 8?
7
Let k(y) be the second derivative of 13*y**4/6 - 2*y**3/3 + 2*y + 1. What is the remainder when 131 is divided by k(1)?
21
What is the remainder when 160 is divided by 26*1 - (63 + -70)?
28
Let h(d) = 2*d**3 - 1 - 4*d**2 - d - d**3 - 1 - 3*d. Let o be h(5). Calculate the remainder when 88/o - (-4)/6 is divided by 16.
14
Let f = -249 - -159. Let v = -58 - f. What is the remainder when v is divided by 17?
15
Let d(i) = 4 + i + 5*i - 2*i - i. Calculate the remainder when d(1) is divided by 4.
3
Suppose -2*j + 3*c = -157, 9*j - 3*c = 5*j + 299. Calculate the remainder when j is divided by 12.
11
Suppose -l + 38 = -2*o, 2*l - o - 2 = 62. Let m = l + -4. Let h(n) = 3*n**2 + 10*n - 2. Calculate the remainder when h(-7) is divided by m.
23
Let i(f) = -3*f. Let o(t) = 7*t - 4*t - t. Let w(z) = -6*i(z) - 5*o(z). What is the remainder when 38 is divided by w(1)?
6
Suppose -1571 = -32*g - 515. Calculate the remainder when g is divided by 10.
3
What is the remainder when (-2)/(-1)*(5 + 116/2) is divided by 51?
24
What is the remainder when 459 is divided by 81/(-54)*(-46)/3?
22
Calculate the remainder when 95 is divided by (-16)/20 - (-306)/45.
5
Let m = 81 + -53. Let y(p) = m*p**2 - 12*p + 11 - 29*p**2 + 0*p. What is the remainder when 20 is divided by y(-12)?
9
What is the remainder when 206 is divided by (-2)/(-6)*(66 + 3) - 0?
22
Let x = 59 + -42. Calculate the remainder when 30 is divided by x.
13
Suppose -2*j + 31 = b, -j + 11 = j - 3*b. What is the remainder when 5/(30/(-8)) - 9394/(-183) is divided by j?
11
Let d(f) = -f - 13. Let c(m) = 4*m + 38. Let y(w) = -3*c(w) - 8*d(w). Let i = -98 + 153. Calculate the remainder when i is divided by y(-6).
13
Let h = 1147 - 1123. Let m(c) = -16*c + 5. Calculate the remainder when m(-7) is divided by h.
21
Suppose 2*d + 13 = 67. Calculate the remainder when d is divided by 8/(-36) - 56/(-9).
3
Let w(b) = 6*b**3 + 2*b - 1. What is the remainder when (-4064)/(-10) + ((-714)/(-85))/(-21) is divided by w(2)?
49
Let r be 198/(-27)*(-30)/(-4). Let m = -50 - r. Calculate the remainder when m is divided by 3.
2
Suppose 5*w - 107 = 58. Suppose 3*b + 6*b = 3*b. Suppose 3*z = 12, b = 2*n + 6*z - 10*z - 178. What is the remainder when n is divided by w?
31
Let r be 2 - (2 - (1 + -29)). Let d = -8 - r. Suppose -2*f + 28 = 3*h - 5, -3*f = 2*h - 22. What is the remainder when d is divided by h?
9
Suppose -2*h = -5*r - 26, 73*h + r + 10 = 74*h. Calculate the remainder when (74/4*-2)/(-1) is divided by h.
5
Let t be 4/16*4 - -1. Suppose -h = -0*k - 3*k - 3, -2*k = -t*h + 2. Suppose 0*o + o - 38 = h. What is the remainder when o is divided by 20?
18
Let p(l) = 120*l**3 - 2*l**2 - l + 1. Let v be p(-1). Let z = v - -173. Calculate the remainder when z is divided by 11.
9
Suppose 3*g - 23 = -z + 53, -10 = 5*z. Suppose -9*a = -2362 + 1462. What is the remainder when a is divided by g?
22
Let n = 1909 - 1900. Calculate the remainder when 240 is divided by n.
6
Let m be ((-40)/(-15) - 3)*-6. Suppose p = -m*d + 31, 3*d - 40 = 3*p + 2*p. Let t = -25 + 82. What is the remainder when t is divided by d?
12
Suppose 109 = 7*f - 402. Suppose 16 = -4*u, f = -4*i - 4*u + 329. Calculate the remainder when i is divided by 23.
22
Let w(g) = -12*g - 4. Let y be w(1). Suppose -4*r = -19 + 3, 4*l - 64 = 2*r. Let z = y + l. Calculate the remainder when 4 is divided by z.
0
Suppose -2*c - 154 = -4*y, 0 = 4*y - 11*c + 7*c - 164. Calculate the remainder when 466 is divided by y.
34
Suppose 0 = 3*p + 2*p + 75. Let i = p + 26. Suppose -i*d + 9*d = -28. What is the remainder when 96 is divided by d?
12
Suppose -3*b = -0*s - 4*s + 105, 4*s + 3*b - 87 = 0. What is the remainder when 94 is divided by s?
22
Let g = -2 - -13. What is the remainder when g is divided by ((-18)/63)/((-2)/42)?
5
Let a(c) = c**3 + 20*c**2 + 13*c - 82. Suppose u - 6*u = -3*v + 2, -v + 3*u - 2 = 0. Suppose -w + v = -7. Calculate the remainder when a(-19) is divided by w.
10
Let u(o) = 25*o**2 + 9*o - 11. Calculate the remainder when u(2) is divided by -4 - -2 - (-39 - -1).
35
Let j = -31 + 54. Suppose -3*g - x + j = -11, 3*g = -5*x + 50. Calculate the remainder when 0/1 + 31 - 2 is divided by g.
9
Suppose -28*z + 25*z = 0. Suppose 178 = 3*v + 5*u, z = 4*v - 2*u - u - 276. Calculate the remainder when v is divided by 23.
20
Suppose 9 = -3*c - 18. Let d = 21 + c. What is the remainder when 83 is divided by d?
11
Let o = -22 + 17. Let c = 33 + o. What 